e p(2). Let f be (x + -9)/((-1)/341). Let v = -38 + 69. Calculate the greatest common divisor of v and f.
31
Suppose -10*k + 40 = -18*k. Let q be (33/9 - 3)*(k - -74). Calculate the highest common divisor of 46 and q.
46
Let k be 4/5 + ((-4768)/20)/(-2). What is the highest common factor of k and 140?
20
Let w = -32 + 52. What is the highest common factor of w and 10?
10
Let l(d) = d**2 + 3*d + 90. Let q be l(18). What is the greatest common divisor of 104 and q?
52
Let m = -5 + 62. Let v = 50 - 34. Let q = v - -3. What is the highest common factor of m and q?
19
Let a be 551*4/16 + (-7)/(-28). What is the highest common divisor of a and 24?
6
Let q be (-3)/5*1 + 640/25. What is the greatest common divisor of 20 and q?
5
Let r(u) = 3*u**2 + 29*u - 9. Let v be r(-11). Calculate the greatest common factor of 10 and v.
5
Suppose 0 = -6*f + 4*f + 4*y + 118, -f - 4*y + 35 = 0. What is the greatest common factor of 663 and f?
51
Suppose 0 = 5*i + 25, 0 = -s - i - 0*i - 200. Let b = -114 - s. Suppose -2*c = -5*c + b. What is the highest common factor of c and 189?
27
Let j = -61 + 101. Let n = j + -18. Let x be 282/n - (-16)/88. What is the greatest common factor of 104 and x?
13
Suppose 0 = -6*f - 165 - 87. Let y = -6 - f. Let c = -22 + y. What is the highest common divisor of 42 and c?
14
Suppose -2*i + 0*i - 56 = 2*y, i - 4*y + 43 = 0. Let n = 54 + i. What is the highest common divisor of n and 115?
23
Suppose 26*j - 28*j - 3*n = -566, -5*j = -n - 1432. Let g be (27 - 2)/1 - -1. What is the greatest common divisor of g and j?
26
Suppose 0 = 9*s - 0*s + 333. Let g = s + 46. Calculate the greatest common divisor of 63 and g.
9
Suppose 21*g + 2*w = 22*g - 10, 0 = -2*w + 10. Calculate the greatest common divisor of 1 and g.
1
Suppose a + 2*t = -1, -2*a + t = -0*t - 13. Let k(g) = 3*g**2 - 4*g - 7. Let r be k(a). Let p = 1036 + -1004. What is the highest common factor of p and r?
16
Let h(u) = 22*u + 1. Let v be h(1). Let r(b) = -2*b**2 - 122*b - 1548. Let q be r(-41). Calculate the greatest common divisor of v and q.
23
Let q(z) = -z**3 + 15*z**2 - 21*z + 65. Let u be q(12). Calculate the highest common divisor of u and 49.
49
Suppose -4*b + 63 + 1 = 0. Let n be 1 + (b - 3/(-3)). Suppose v = 3 + n. Calculate the greatest common factor of 7 and v.
7
Let f be 8/48 - (-1978)/12. Calculate the greatest common divisor of f and 60.
15
Suppose o = -o. Suppose o = 3*s + u - 8, 4*s + 0*u = -u + 9. Let h be s + -3 - 1 - -15. What is the highest common factor of h and 12?
12
Let a be (-1264)/(-6) - 4/6. Let k = a + -122. Suppose 7*g = 72*g - 715. Calculate the greatest common factor of g and k.
11
Let y = 12 - 7. Suppose 2*a - 14 = -o, -y*o + 3*a + 77 = 6*a. Calculate the highest common divisor of 48 and o.
16
Let m(k) = -6*k. Let d be m(-2). Suppose 22*n - 18 = 13*n. What is the highest common factor of d and n?
2
Suppose -85 = -2*r - u + 5, 2*u = -r + 48. Let b = 66 - r. What is the highest common divisor of b and 88?
22
Let d = -61 - -60. Let z be (-8)/12*(3 - 0). Let g be 7 + (-3 - z) + d. Calculate the highest common divisor of 20 and g.
5
Suppose 0 = -11*d - 197 + 3827. What is the highest common factor of 60 and d?
30
Let k(u) = u - 1. Let p be k(5). Suppose -2*b + 10 = -p. Suppose -108 = -2*o - b*l + 3*l, o + 5*l = 63. What is the highest common divisor of o and 24?
24
Let z(f) = 117*f - 60. Let b be z(10). Calculate the greatest common divisor of 30 and b.
30
Let x(w) = -w**2 + 7*w - 3. Let d be x(6). Suppose 4*v = 4, -6*v = -d*p - 4*v + 13. Let c = -25 + 26. What is the greatest common factor of c and p?
1
Let b(f) = -4*f - 5. Let o be b(-4). Suppose 0 = 5*m - 3*i - 72, m + i + 3 = o. Let j be 1/(-2) - (-678)/m. Calculate the greatest common divisor of 14 and j.
14
Let a be -2 + 534 - ((-9)/(-1) - 5). Calculate the greatest common factor of 33 and a.
33
Let y(w) = 4*w**2 - 7*w + 14. Let m be y(3). Suppose m*f + 27 = 30*f. Calculate the highest common factor of 54 and f.
27
Suppose 12*q = 7*q + 610. Let n = q + -86. Suppose 0 + n = 6*t. What is the highest common factor of 15 and t?
3
Let x = 95 + -70. Let o(l) = 6*l - 2. Let k be o(2). What is the greatest common divisor of x and k?
5
Let s = 17 + -14. Suppose 0*c = 4*f - c - 43, 40 = 5*f - 4*c. Calculate the greatest common factor of f and s.
3
Let z = -110 + 143. What is the highest common divisor of 528 and z?
33
Let p = -2794 - -2806. Calculate the highest common factor of 1236 and p.
12
Let f(k) = 46 - 3*k**2 - 9*k + 22*k - 14*k. Let r be f(0). Calculate the highest common factor of r and 23.
23
Suppose x - 4*q - 17 = 19, x + 2*q - 6 = 0. Let j = x + 2. What is the highest common divisor of j and 126?
18
Suppose -n - 8 = j - 53, 2*n = -3*j + 95. Calculate the highest common factor of 152 and n.
8
Let u = 17 - -7. Let s be (u/9 - -2)*6. Suppose 4*p = 6*p - s. Calculate the highest common divisor of p and 7.
7
Let m be (8 - -1)*1/1. Suppose -z = 2, 5 = -v - z - 3*z. Suppose -2*x + 4*k = -6, 39 = 2*x + v*x - 2*k. Calculate the greatest common divisor of m and x.
9
Suppose 17 + 823 = -14*w. Suppose 4*h - d + 0 - 6 = 0, d = -h + 4. Let b be (w/42)/(h/(-14)). Calculate the greatest common factor of b and 5.
5
Let w be (-28)/(-13) + (-4)/26. Suppose z - 9 = -w*z. Let j be (-187)/(-9) + 6/27. What is the highest common divisor of j and z?
3
Let u = 521 + -341. Suppose -5*i = -2*r - u, r = -4*r - 25. Let b = i - 14. What is the highest common divisor of b and 50?
10
Let a be -10 + 17 + 0 + -1 + -1. Suppose 4*n = -4*r + 124, n + a*r = r + 28. Let y(c) = c**3 + 4. Let k be y(0). What is the greatest common factor of n and k?
4
Let q be (-15)/10 - (-2)/4. Let k = 7 + q. Suppose -23 = -2*t - 5*c + 8, -t - 4*c = -23. What is the greatest common factor of k and t?
3
Let q = -8 + 13. Suppose 0 = q*x - 77 - 28. Let y be (36/(-81))/(2/(-63)). Calculate the highest common factor of x and y.
7
Suppose 0*o - 10 = -2*k + o, 24 = 4*k - 3*o. Let u = k - -42. Let t be -3*6/(-9) + 3. Calculate the greatest common factor of u and t.
5
Let m(h) be the second derivative of 1/2*h**3 + 7*h + 1/12*h**4 + 0 - 2*h**2. Let t be m(-7). What is the highest common divisor of t and 3?
3
Suppose 10*q - 1081 = -331. Calculate the highest common factor of q and 300.
75
Suppose -3*w + 30 = -15. Let j(v) = -3*v + 15. Let t(g) = g**2 - 9*g - 6. Let u be t(10). Let f be j(u). Calculate the highest common factor of f and w.
3
Let j(l) be the first derivative of 8*l**3/3 - 8*l - 13. Let n be j(4). What is the highest common factor of 15 and n?
15
Suppose 19*a - 15*a + 64 = 0. Let t(c) = c**2 + 17*c + 22. Let n be t(a). Suppose 4*o + 30 = 5*o. What is the greatest common divisor of n and o?
6
Let s = 287 + -63. What is the highest common divisor of s and 28?
28
Suppose 3*t - 5*c - 1685 = 0, 5*t - 4*c + c = 2803. Calculate the greatest common divisor of t and 240.
80
Suppose 1718 = 5*w + m, 5*w = -11*m + 9*m + 1716. What is the highest common factor of 8 and w?
8
Suppose m - 8*m + 819 = 0. Let q = -185 + m. Let f be (-8)/q - (-712)/17. Calculate the highest common divisor of f and 21.
21
Suppose -z + 602 = -756. Let d = 607 - z. Let b be d/(-4) - (-9)/(-12). Calculate the highest common divisor of b and 17.
17
Suppose 4*m = m + 54. Let x = -54 - -52. Let a(k) = 23*k**2 + 2*k + 2. Let l be a(x). What is the highest common divisor of m and l?
18
Let q = 36 + -30. Suppose 29 - 1 = 4*x. Let y(m) = m**3 - 8*m**2 + 8*m + 2. Let z be y(x). Calculate the highest common factor of q and z.
3
Let d(x) = x + 18. Let p be d(-15). Suppose -p*q = t + 4, -4*t = -0*t - 4*q - 48. Suppose f - 34 = -t. What is the greatest common factor of 13 and f?
13
Let t be (-1 - -5)*(-7 - -9). Let s be (-1)/(1 + -3 + 1) + 7. Calculate the highest common divisor of s and t.
8
Let x(c) = 4*c**2 - 18*c + 39. Let f be x(6). Calculate the greatest common divisor of f and 575.
25
Suppose 5*p = -2*r + 1552, -2*r - 242 = 3*p - 1174. Calculate the highest common factor of p and 10.
10
Let p(g) = -5*g**2 + 132*g - 32. Let v be p(26). What is the greatest common factor of 220 and v?
20
Let l(t) = -4*t**3 - 14*t**2 - 5*t - 9. Let d be l(-4). What is the greatest common factor of d and 86?
43
Suppose 0 = -6*y - 1056 + 168. Let l = -100 - y. Calculate the greatest common divisor of 120 